{"id":542,"date":"2022-05-31T20:00:51","date_gmt":"2022-05-31T18:00:51","guid":{"rendered":"http:\/\/apartmansisi.sk\/?page_id=542"},"modified":"2022-05-31T20:16:35","modified_gmt":"2022-05-31T18:16:35","slug":"informacie-o-obsadenosti","status":"publish","type":"page","link":"https:\/\/apartmansisi.sk\/index.php\/informacie-o-obsadenosti\/","title":{"rendered":"Inform\u00e1cie o obsadenosti"},"content":{"rendered":"<p><iframe loading=\"lazy\" src=\"https:\/\/calendar.google.com\/calendar\/embed?height=600&amp;wkst=1&amp;bgcolor=%23ffffff&amp;ctz=Europe%2FPrague&amp;showTz=0&amp;showCalendars=0&amp;showTabs=0&amp;showPrint=0&amp;showNav=1&amp;src=YXBhcnRtYW5zaXNpQGdtYWlsLmNvbQ&amp;color=%23039BE5\" style=\"border:solid 1px #777\" scrolling=\"no\" width=\"800\" height=\"600\" frameborder=\"0\"><\/iframe><\/p>\n","protected":false},"excerpt":{"rendered":"","protected":false},"author":1,"featured_media":0,"parent":0,"menu_order":0,"comment_status":"closed","ping_status":"closed","template":"","meta":{"_monsterinsights_skip_tracking":false,"_monsterinsights_sitenote_active":false,"_monsterinsights_sitenote_note":"","_monsterinsights_sitenote_category":0,"footnotes":""},"class_list":["post-542","page","type-page","status-publish","hentry"],"yoast_head":"<!-- This site is optimized with the Yoast SEO plugin v27.5 - https:\/\/yoast.com\/product\/yoast-seo-wordpress\/ -->\n<title>Inform\u00e1cie o obsadenosti - Apartm\u00e1n Sisi<\/title>\n<meta name=\"description\" content=\"ubytovanie v Slovenskom raji, ubytovanie, turistika v raji, rodinn\u00e9 ubytovanie v raji, rodinn\u00e9 ubytovanie v Slovenskom raji, dovolenka v Slovenskom raji\" \/>\n<meta name=\"robots\" content=\"index, follow, max-snippet:-1, max-image-preview:large, max-video-preview:-1\" \/>\n<link rel=\"canonical\" href=\"https:\/\/apartmansisi.sk\/index.php\/informacie-o-obsadenosti\/\" \/>\n<meta property=\"og:locale\" content=\"sk_SK\" \/>\n<meta property=\"og:type\" content=\"article\" \/>\n<meta property=\"og:title\" content=\"Inform\u00e1cie o obsadenosti - Apartm\u00e1n Sisi\" \/>\n<meta property=\"og:description\" content=\"ubytovanie v Slovenskom raji, ubytovanie, turistika v raji, rodinn\u00e9 ubytovanie v raji, rodinn\u00e9 ubytovanie v Slovenskom raji, dovolenka v Slovenskom raji\" \/>\n<meta property=\"og:url\" content=\"https:\/\/apartmansisi.sk\/index.php\/informacie-o-obsadenosti\/\" \/>\n<meta property=\"og:site_name\" content=\"Apartm\u00e1n Sisi\" \/>\n<meta property=\"article:modified_time\" content=\"2022-05-31T18:16:35+00:00\" \/>\n<meta name=\"twitter:card\" content=\"summary_large_image\" \/>\n<script type=\"application\/ld+json\" class=\"yoast-schema-graph\">{\"@context\":\"https:\\\/\\\/schema.org\",\"@graph\":[{\"@type\":\"WebPage\",\"@id\":\"https:\\\/\\\/apartmansisi.sk\\\/index.php\\\/informacie-o-obsadenosti\\\/\",\"url\":\"https:\\\/\\\/apartmansisi.sk\\\/index.php\\\/informacie-o-obsadenosti\\\/\",\"name\":\"Inform\u00e1cie o obsadenosti - Apartm\u00e1n Sisi\",\"isPartOf\":{\"@id\":\"https:\\\/\\\/apartmansisi.sk\\\/#website\"},\"datePublished\":\"2022-05-31T18:00:51+00:00\",\"dateModified\":\"2022-05-31T18:16:35+00:00\",\"description\":\"ubytovanie v Slovenskom raji, ubytovanie, turistika v raji, rodinn\u00e9 ubytovanie v raji, rodinn\u00e9 ubytovanie v Slovenskom raji, dovolenka v Slovenskom raji\",\"breadcrumb\":{\"@id\":\"https:\\\/\\\/apartmansisi.sk\\\/index.php\\\/informacie-o-obsadenosti\\\/#breadcrumb\"},\"inLanguage\":\"sk-SK\",\"potentialAction\":[{\"@type\":\"ReadAction\",\"target\":[\"https:\\\/\\\/apartmansisi.sk\\\/index.php\\\/informacie-o-obsadenosti\\\/\"]}]},{\"@type\":\"BreadcrumbList\",\"@id\":\"https:\\\/\\\/apartmansisi.sk\\\/index.php\\\/informacie-o-obsadenosti\\\/#breadcrumb\",\"itemListElement\":[{\"@type\":\"ListItem\",\"position\":1,\"name\":\"Domovsk\u00e1 str\u00e1nka\",\"item\":\"https:\\\/\\\/apartmansisi.sk\\\/\"},{\"@type\":\"ListItem\",\"position\":2,\"name\":\"Inform\u00e1cie o obsadenosti\"}]},{\"@type\":\"WebSite\",\"@id\":\"https:\\\/\\\/apartmansisi.sk\\\/#website\",\"url\":\"https:\\\/\\\/apartmansisi.sk\\\/\",\"name\":\"Apartm\u00e1n Sisi\",\"description\":\"Ubytovanie v Raji\",\"publisher\":{\"@id\":\"https:\\\/\\\/apartmansisi.sk\\\/#organization\"},\"potentialAction\":[{\"@type\":\"SearchAction\",\"target\":{\"@type\":\"EntryPoint\",\"urlTemplate\":\"https:\\\/\\\/apartmansisi.sk\\\/?s={search_term_string}\"},\"query-input\":{\"@type\":\"PropertyValueSpecification\",\"valueRequired\":true,\"valueName\":\"search_term_string\"}}],\"inLanguage\":\"sk-SK\"},{\"@type\":\"Organization\",\"@id\":\"https:\\\/\\\/apartmansisi.sk\\\/#organization\",\"name\":\"Apartm\u00e1n Sisi\",\"url\":\"https:\\\/\\\/apartmansisi.sk\\\/\",\"logo\":{\"@type\":\"ImageObject\",\"inLanguage\":\"sk-SK\",\"@id\":\"https:\\\/\\\/apartmansisi.sk\\\/#\\\/schema\\\/logo\\\/image\\\/\",\"url\":\"https:\\\/\\\/i0.wp.com\\\/apartmansisi.sk\\\/wp-content\\\/uploads\\\/2022\\\/06\\\/logo-apartmansisi-70.jpg?fit=158%2C70&ssl=1\",\"contentUrl\":\"https:\\\/\\\/i0.wp.com\\\/apartmansisi.sk\\\/wp-content\\\/uploads\\\/2022\\\/06\\\/logo-apartmansisi-70.jpg?fit=158%2C70&ssl=1\",\"width\":158,\"height\":70,\"caption\":\"Apartm\u00e1n Sisi\"},\"image\":{\"@id\":\"https:\\\/\\\/apartmansisi.sk\\\/#\\\/schema\\\/logo\\\/image\\\/\"}}]}<\/script>\n<!-- \/ Yoast SEO plugin. -->","yoast_head_json":{"title":"Inform\u00e1cie o obsadenosti - Apartm\u00e1n Sisi","description":"ubytovanie v Slovenskom raji, ubytovanie, turistika v raji, rodinn\u00e9 ubytovanie v raji, rodinn\u00e9 ubytovanie v Slovenskom raji, dovolenka v Slovenskom raji","robots":{"index":"index","follow":"follow","max-snippet":"max-snippet:-1","max-image-preview":"max-image-preview:large","max-video-preview":"max-video-preview:-1"},"canonical":"https:\/\/apartmansisi.sk\/index.php\/informacie-o-obsadenosti\/","og_locale":"sk_SK","og_type":"article","og_title":"Inform\u00e1cie o obsadenosti - Apartm\u00e1n Sisi","og_description":"ubytovanie v Slovenskom raji, ubytovanie, turistika v raji, rodinn\u00e9 ubytovanie v raji, rodinn\u00e9 ubytovanie v Slovenskom raji, dovolenka v Slovenskom raji","og_url":"https:\/\/apartmansisi.sk\/index.php\/informacie-o-obsadenosti\/","og_site_name":"Apartm\u00e1n Sisi","article_modified_time":"2022-05-31T18:16:35+00:00","twitter_card":"summary_large_image","schema":{"@context":"https:\/\/schema.org","@graph":[{"@type":"WebPage","@id":"https:\/\/apartmansisi.sk\/index.php\/informacie-o-obsadenosti\/","url":"https:\/\/apartmansisi.sk\/index.php\/informacie-o-obsadenosti\/","name":"Inform\u00e1cie o obsadenosti - Apartm\u00e1n Sisi","isPartOf":{"@id":"https:\/\/apartmansisi.sk\/#website"},"datePublished":"2022-05-31T18:00:51+00:00","dateModified":"2022-05-31T18:16:35+00:00","description":"ubytovanie v Slovenskom raji, ubytovanie, turistika v raji, rodinn\u00e9 ubytovanie v raji, rodinn\u00e9 ubytovanie v Slovenskom raji, dovolenka v Slovenskom raji","breadcrumb":{"@id":"https:\/\/apartmansisi.sk\/index.php\/informacie-o-obsadenosti\/#breadcrumb"},"inLanguage":"sk-SK","potentialAction":[{"@type":"ReadAction","target":["https:\/\/apartmansisi.sk\/index.php\/informacie-o-obsadenosti\/"]}]},{"@type":"BreadcrumbList","@id":"https:\/\/apartmansisi.sk\/index.php\/informacie-o-obsadenosti\/#breadcrumb","itemListElement":[{"@type":"ListItem","position":1,"name":"Domovsk\u00e1 str\u00e1nka","item":"https:\/\/apartmansisi.sk\/"},{"@type":"ListItem","position":2,"name":"Inform\u00e1cie o obsadenosti"}]},{"@type":"WebSite","@id":"https:\/\/apartmansisi.sk\/#website","url":"https:\/\/apartmansisi.sk\/","name":"Apartm\u00e1n Sisi","description":"Ubytovanie v Raji","publisher":{"@id":"https:\/\/apartmansisi.sk\/#organization"},"potentialAction":[{"@type":"SearchAction","target":{"@type":"EntryPoint","urlTemplate":"https:\/\/apartmansisi.sk\/?s={search_term_string}"},"query-input":{"@type":"PropertyValueSpecification","valueRequired":true,"valueName":"search_term_string"}}],"inLanguage":"sk-SK"},{"@type":"Organization","@id":"https:\/\/apartmansisi.sk\/#organization","name":"Apartm\u00e1n Sisi","url":"https:\/\/apartmansisi.sk\/","logo":{"@type":"ImageObject","inLanguage":"sk-SK","@id":"https:\/\/apartmansisi.sk\/#\/schema\/logo\/image\/","url":"https:\/\/i0.wp.com\/apartmansisi.sk\/wp-content\/uploads\/2022\/06\/logo-apartmansisi-70.jpg?fit=158%2C70&ssl=1","contentUrl":"https:\/\/i0.wp.com\/apartmansisi.sk\/wp-content\/uploads\/2022\/06\/logo-apartmansisi-70.jpg?fit=158%2C70&ssl=1","width":158,"height":70,"caption":"Apartm\u00e1n Sisi"},"image":{"@id":"https:\/\/apartmansisi.sk\/#\/schema\/logo\/image\/"}}]}},"jetpack_sharing_enabled":true,"_links":{"self":[{"href":"https:\/\/apartmansisi.sk\/index.php\/wp-json\/wp\/v2\/pages\/542","targetHints":{"allow":["GET"]}}],"collection":[{"href":"https:\/\/apartmansisi.sk\/index.php\/wp-json\/wp\/v2\/pages"}],"about":[{"href":"https:\/\/apartmansisi.sk\/index.php\/wp-json\/wp\/v2\/types\/page"}],"author":[{"embeddable":true,"href":"https:\/\/apartmansisi.sk\/index.php\/wp-json\/wp\/v2\/users\/1"}],"replies":[{"embeddable":true,"href":"https:\/\/apartmansisi.sk\/index.php\/wp-json\/wp\/v2\/comments?post=542"}],"version-history":[{"count":5,"href":"https:\/\/apartmansisi.sk\/index.php\/wp-json\/wp\/v2\/pages\/542\/revisions"}],"predecessor-version":[{"id":551,"href":"https:\/\/apartmansisi.sk\/index.php\/wp-json\/wp\/v2\/pages\/542\/revisions\/551"}],"wp:attachment":[{"href":"https:\/\/apartmansisi.sk\/index.php\/wp-json\/wp\/v2\/media?parent=542"}],"curies":[{"name":"wp","href":"https:\/\/api.w.org\/{rel}","templated":true}]}}